Let f(n) = 9*n**2 - 95*n - 17. Let r be f(13). Suppose -2*b + 536 - 170 = 0. Let c = r - b. List the prime factors of c.
2, 43
Let p(c) = 7203*c + 5. What are the prime factors of p(1)?
2, 17, 53
Let v = 4848 + -535. List the prime factors of v.
19, 227
Suppose 0 = 2*b - 2*f + 20, 0 = -2*b + b + 2*f - 14. Let d(j) = j**3 + 6*j**2 - 2*j + 2. Let p be d(b). Let w = 10 + p. List the prime factors of w.
2, 3
Let n = 19041 - -18235. List the prime factors of n.
2, 9319
Let f = 98 + -94. Suppose 5*b + 2*b = f*b. Suppose 5*u + 0*u - 1215 = b. What are the prime factors of u?
3
What are the prime factors of -9 + 506016/11 + 216/396?
3, 15331
Let d(y) = -y**2 + 32*y - 24. Let t be d(10). Let u be -2*(-2 + t/(-8)). Suppose -4*a = 3*g - 111, -2*a + 0*a = g - u. List the prime factors of a.
2, 3
Let d = -13002 - 19023. List the prime factors of (d/42)/(1/(-2)).
5, 61
List the prime factors of (-4 + -170)*58/(-3).
2, 29
Suppose 1 = -w - 2*q, 3*q - 6 = -3*w + 3. Suppose -4*f = 2*v - 1110, 5*v - 1388 = -5*f + 2*v. Suppose w*m - 206 = f. List the prime factors of m.
3, 23
List the prime factors of ((-19 - -42) + -29)*4357/(-6).
4357
Let c = 10 - 7. Let a(l) = -l**2 + 9*l - 6*l - 6*l + 5*l**2 - 4. List the prime factors of a(c).
23
Let x(l) = -l**3 + 18*l**2 + 28*l + 9. Let p be ((-15)/9)/(3/(-36)). Let r be x(p). Let y = -137 - r. List the prime factors of y.
2, 47
Suppose 4*c = -2*w + 14, -3*w - c - c + 13 = 0. Suppose 2*j - 245 = w*p, -5*j = -3*p + 1 - 627. List the prime factors of j.
127
Let i = 463 - 455. Let n(f) = f**2 - 10*f - 11. Let p be n(11). Suppose -m - i*m + 459 = p. What are the prime factors of m?
3, 17
Suppose -7*m + 165 = -1368. Let u(b) = m - 217 + b + b**2 + 3*b**2. List the prime factors of u(6).
2, 19
Suppose 12 = -30*w + 32*w. Suppose -2312 = -4*g - s, 0 = s + w - 2. List the prime factors of g.
3, 193
Suppose p = 3*w + 5688, 5*p - 14*w + 10*w - 28473 = 0. What are the prime factors of p?
3, 211
Let d(k) = k**3 + 5*k**2 + 3*k + 573. Let w(x) = 5*x**3 + 20*x**2 + 13*x + 2291. Let v(t) = 9*d(t) - 2*w(t). What are the prime factors of v(0)?
5, 23
Suppose -3*k - 3*n = -8*k - 1424, -2*k - 5*n = 551. Let c = 360 + k. What are the prime factors of c?
7, 11
Let v = -80 + 730. Let p = 1983 - 1978. Suppose -p*s = -0*s - v. List the prime factors of s.
2, 5, 13
Let o(y) = -17*y - 706. What are the prime factors of o(-47)?
3, 31
Let k(s) = s**2 - s - 21. Let y be k(5). Let i be (y*5/15)/(1/(-18)). Suppose -10*m = -i*m - 292. What are the prime factors of m?
73
Let t = -869 - -1725. What are the prime factors of t/8*(-39)/(-3)?
13, 107
Suppose 5*r + 4*k - 21932 = 2403, 2*r - 5*k = 9767. List the prime factors of r.
4871
Let o(m) = 38*m**2 + 70*m - 657. List the prime factors of o(18).
3, 5, 7, 41
Suppose 0 = p + 18 - 38. Suppose 4*j = -p, -10*j + 11*j + 791 = x. What are the prime factors of x?
2, 3, 131
Let k(d) = -2*d - 42. Let n be k(-20). Let i(b) = 97*b**2. List the prime factors of i(n).
2, 97
Let j(w) = 3*w**3 - 30*w**2 - 56*w - 60. Let n(d) = 2*d**3 - 14*d**2 - 28*d - 30. Let c(m) = -3*j(m) + 5*n(m). What are the prime factors of c(-12)?
2, 3, 47
Suppose -w + 10 - 7 = 0. Suppose 70 = w*k - 47. Suppose y - 4*j = 20 - 7, 3*y + 5*j - k = 0. List the prime factors of y.
13
Let w = 269 - 267. Suppose 0 = -4*m + 3*n + 376, 7*m - 281 = 4*m + w*n. List the prime factors of m.
7, 13
Let n(x) = -x**2 - 8*x - 3. Let a be n(-7). Let u(r) = -153 + 2*r + 329 + 14*r**2 - 7*r - 2*r - 172. What are the prime factors of u(a)?
2, 5
Let r be -1 + (-114)/(-48) - (-15)/(-40). What are the prime factors of r/((-2)/(-1668)) - -1?
5, 167
Let l = 26154 - 24376. List the prime factors of l.
2, 7, 127
Let j(v) be the third derivative of -7*v**6/5 - v**4/24 - v**3/6 - 40*v**2 + 6*v. Suppose 0 = -m + 3*m + 2. List the prime factors of j(m).
2, 3, 7
Let v be -1 + 18 - (3 + -4 + 3). Suppose -20 = -20*s + v*s. Suppose s*i - 1224 = -8*i. List the prime factors of i.
2, 3, 17
Suppose 74 - 22 = 2*l. Let v = l + -6. What are the prime factors of 1270/v + 2/(-4)?
3, 7
Suppose 3*u - 5825 = f, -5*u + 4*f + 9723 = 6*f. What are the prime factors of u?
29, 67
Let q(z) = -z**3 + 67*z**2 - 52*z + 59. List the prime factors of q(66).
983
Suppose 4*j = -56*d + 55*d + 28239, -2*d - 4*j + 56502 = 0. What are the prime factors of d?
3, 9421
What are the prime factors of 6 + 2/((-3)/(-24813)*9)?
2, 461
Let b = -18016 + 31335. List the prime factors of b.
19, 701
Let t(b) = -b**3 - 8*b**2 - 13*b - 8. Let w = -180 - -172. What are the prime factors of t(w)?
2, 3
Let z(t) be the third derivative of t**6/120 + 7*t**5/30 + 23*t**4/24 - 5*t**3/6 + 24*t**2. Let c be z(-12). Suppose -158 - c = -o. List the prime factors of o.
3, 5, 11
Suppose -23*f + 26163 = -57362 + 18849. List the prime factors of f.
2, 19, 37
Suppose -4*r + 25 = 9. Let i = r - 7. What are the prime factors of 791/3 + ((-11)/3 - i)?
263
List the prime factors of (2015 + -10 - -4) + -1.
2, 251
Let z(r) = -15*r - 446. Let a be z(-30). Suppose 2*y = 5*f - 7715 + 1209, -3*y = a*f - 5214. What are the prime factors of f?
2, 3, 7, 31
Suppose u = -5*b + 20, 12*u - 7*u = 5*b - 20. List the prime factors of (u - -3314)/(4/2).
1657
Suppose 0 = 2*b - 8, 0 = 6*z - 2*z - b + 20. Let w(r) = 20*r**2 - 12. Let u be w(z). What are the prime factors of (-2)/4 + 0 + u/8?
2, 19
Suppose -48 = 3*o + 51. Suppose -5*v + 5*w = 205, -7*w + 17 = -v - 12*w. Let r = o - v. What are the prime factors of r?
2
Suppose 4*w + n - 60451 = 0, -4*n = 3*w - 0*n - 45348. Suppose -w = -35*u - 1812. What are the prime factors of u?
2, 5, 19
What are the prime factors of (46773/(-4))/(1278/(-5680))?
2, 5, 5197
Suppose 0 = -4*g + 5*p + 22 + 18, 3*g - 23 = 2*p. Let n = 7 - 1. Suppose g*o = -v + 732, -3*o - n + 450 = -v. What are the prime factors of o?
3, 7
Suppose 122 = 2*t + 114. Suppose 0 = g - t, -4628 = -17*c + 14*c - 5*g. List the prime factors of c.
2, 3
Let u(d) be the first derivative of 46*d**3/3 - d**2 + 4*d + 1. Suppose 39 + 83 = 61*s. What are the prime factors of u(s)?
2, 23
Suppose -249*o = -2419189 - 1875563. What are the prime factors of o?
2, 7, 11
Let v be 0/(-1 - -4 - 4). Suppose 4*w - 2*n - 24 = v, w - n = 2*n + 11. Suppose 5*m = 3*q - 86, 3*q - w*m - 108 = -q. What are the prime factors of q?
2, 11
Suppose 67905726 - 14094665 = 233*q + 440*q. List the prime factors of q.
37, 2161
Suppose 9*o = -o + 50. Suppose 4*h = 20, o = y - 5*h - 278. What are the prime factors of y?
2, 7, 11
Suppose -2*j + 4*l = -34, 2*j + j - 36 = l. Let v = 13 - j. Suppose -5*m + v*n = -2*n - 441, 5*m - 440 = 5*n. List the prime factors of m.
89
Suppose 0 = 8*h - 3*h + 15, 0 = 2*x - 5*h - 19. List the prime factors of (x*(-129)/(-12))/((-33)/(-726)).
11, 43
Let u = 34 + -30. Let j = 477 - 110. Suppose -u*x - 5*p + 353 = -10, -4*x + j = p. List the prime factors of x.
2, 23
Let r = 326 - 166. List the prime factors of -2 + r/75 - (-10076)/30.
2, 3, 7
Suppose -4*l + 127 = -221. Let u be 42/5 + 2/(-5). Suppose -r = -u - l. What are the prime factors of r?
5, 19
Let j(r) be the third derivative of -r**6/120 - 19*r**5/60 + r**4/2 - 2*r**3/3 - 5*r**2. List the prime factors of j(-20).
2, 3, 13
Let a be 1501/9 + (-6)/(-27). Let k = -153 + a. What are the prime factors of (-3)/1 + 8*217/k?
11
Suppose 2*t - 20 = 7*t. Let j = 0 + t. Let l = j - -56. List the prime factors of l.
2, 13
Suppose -i - w + 520 = 0, 5*i - 13*w + 15*w - 2606 = 0. Let f = i - 432. What are the prime factors of f?
2, 3, 5
Let o(h) = 358*h**3 + 4*h**2 - h - 6. Let b be o(2). Suppose 5*v + 10*i = 6*i + b, i + 1141 = 2*v. List the prime factors of v.
2, 11, 13
Suppose 3*k - 12 = 0, t + 14 = -2*k - 14. List the prime factors of (-13028)/t + 2 + 1/9.
2, 7, 13
Let f(w) = -239*w**3 - 4*w - 5. Suppose 5*s + 2*t + 15 = 0, -2*t - t - 15 = 0. What are the prime factors of f(s)?
2, 7, 17
Suppose -d = -4*d + 5*h - 6, 0 = 3*d + 2*h - 15. Suppose -d*w - 36 + 54 = 0. List the prime factors of 46/w*(-9)/(-3).
23
Let f be 6/(-4)*2/3. Let g be 0*(-9 + 20/5 - (-16)/3). List the prime factors of 108/9 - (g + 0 + f).
13
Let a = -18 - 216. Let o = 409 + a. List the prime factors of o.
5, 7
Let y = 7 + -3. Let c(v) = -2*v**2 - 29*v - 33. Let f be c(-12). Suppose y*n - f = n. What are the prime factors of n?
3
Suppose -4*u - 31 = -3